t is -43270 (base 11) in base 2?
-1111010110011100
1035 (base 15) to base 2
110101100001
What is -567 (base 13) in base 14?
-4a6
Convert -1000111001101 (base 2) to base 5.
-121212
4a4 (base 15) to base 16
41e
Convert -1216 (base 8) to base 2.
-1010001110
-15c (base 13) to base 12
-186
-9b (base 12) to base 8
-167
What is 2222022 (base 4) in base 5?
322030
Convert 1781 (base 15) to base 16.
13cf
What is -132 (base 15) in base 7?
-536
What is 1100001 (base 2) in base 3?
10121
What is 204 (base 16) in base 13?
309
What is 126152 (base 8) in base 14?
1212a
-2120410 (base 5) to base 2
-1000101110010010
-61011 (base 8) to base 9
-37375
211012 (base 5) to base 13
3260
What is -2505 (base 9) in base 12?
-10b8
17a8c (base 14) to base 7
336035
Convert 145430 (base 6) to base 13.
6606
What is -4b2 (base 15) in base 8?
-2053
What is 1030320 (base 5) in base 12?
a215
15766 (base 9) to base 11
8159
What is -131a (base 11) in base 16?
-6b3
Convert 4a0 (base 12) to base 10.
696
What is -111122203 (base 4) in base 3?
-11110022201
Convert -2979 (base 16) to base 15.
-322c
Convert 1423 (base 6) to base 10.
375
424 (base 8) to base 4
10110
-123 (base 12) to base 14
-c3
What is -20041 (base 6) in base 9?
-3527
-110412 (base 5) to base 15
-1222
What is 248 (base 9) in base 14?
10a
What is -374 (base 8) in base 5?
-2002
Convert 14cc (base 13) to base 16.
be1
What is -1491 (base 10) in base 11?
-1136
Convert -4451 (base 8) to base 12.
-1435
130411 (base 5) to base 10
5106
612 (base 7) to base 16
12f
-1031131 (base 4) to base 9
-6717
-339 (base 12) to base 2
-111011101
-1201 (base 3) to base 9
-51
-2117 (base 13) to base 6
-33115
What is -1da (base 14) in base 13?
-23b
Convert 151 (base 6) to base 10.
67
What is -2d0 (base 14) in base 10?
-574
What is -1141514 (base 6) in base 2?
-1110101001110110
-6c28 (base 15) to base 12
-11378
Convert 10303 (base 4) to base 14.
17d
What is 106 (base 13) in base 8?
257
-110110000011 (base 2) to base 5
-102314
46070 (base 8) to base 3
222202200
Convert -524 (base 7) to base 4.
-10013
Convert 203 (base 14) to base 12.
28b
What is 1012 (base 7) in base 2?
101100000
Convert -6a65 (base 13) to base 11.
-10266
Convert -435 (base 8) to base 7.
-555
-6511 (base 12) to base 10
-11101
-70762 (base 8) to base 10
-29170
61234 (base 7) to base 3
202101211
-941 (base 11) to base 10
-1134
What is 3a2 (base 12) in base 2?
1000101010
3012 (base 9) to base 7
6260
Convert 10a0 (base 11) to base 10.
1441
Convert 122002100 (base 3) to base 6.
133400
Convert 3542 (base 6) to base 5.
11404
1010101101111 (base 2) to base 16
156f
What is 5263 (base 7) in base 4?
131002
Convert 554232 (base 6) to base 11.
31886
Convert -11001110011001 (base 2) to base 8.
-31631
Convert 10110 (base 6) to base 2.
10100111010
What is 1a (base 16) in base 6?
42
Convert -2031301 (base 4) to base 15.
-2a4d
What is 2601 (base 13) in base 3?
21102100
What is 14420 (base 6) in base 2?
100100001100
-1591 (base 13) to base 2
-110001011000
Convert -332032 (base 5) to base 2.
-10110011111101
Convert 1665 (base 12) to base 11.
2007
What is 500 (base 16) in base 15?
5a5
Convert 697 (base 14) to base 9.
1714
What is 1264 (base 11) in base 12?
b4b
What is -2062 (base 16) in base 15?
-26ca
Convert -a3a1 (base 13) to base 14.
-834c
9554 (base 10) to base 15
2c6e
Convert -2521 (base 7) to base 10.
-946
Convert -1010144 (base 5) to base 3.
-211100200
What is 11011111001110 (base 2) in base 4?
3133032
21c (base 13) to base 6
1403
Convert 4173 (base 8) to base 6.
14015
Convert -121 (base 16) to base 6.
-1201
-21201022 (base 3) to base 13
-2738
-47a (base 14) to base 3
-1020001
What is -541 (base 12) in base 5?
-11034
Convert -2e8 (base 15) to base 14.
-35a
What is 11a0 (base 12) in base 11?
1551
Convert -703 (base 8) to base 16.
-1c3
-3551 (base 10) to base 15
-10bb
-68210 (base 10) to base 5
-4140320
What is -133114 (base 5) in base 7?
-21525
What is 111204 (base 5) in base 4?
331121
-aa1 (base 15) to base 4
-211201
3c0 (base 16) to base 5
12320
What is 2aa (base 15) in base 7?
1531
What is -159c (base 13) in base 4?
-301203
197 (base 11) to base 7
443
21522 (base 8) to base 12
5296
What is 1275 (base 8) in base 16?
2bd
434 (base 8) to base 4
10130
What is 2143 (base 11) in base 15?
c8a
Convert 320234 (base 6) to base 13.
bac1
What is 970 (base 13) in base 9?
2181
-100134 (base 5) to base 6
-22401
Convert -239d (base 14) to base 6.
-44435
-2194 (base 10) to base 15
-9b4
Convert 1012123 (base 4) to base 12.
2737
What is -200123 (base 5) in base 6?
-45040
Convert 687 (base 16) to base 8.
3207
What is -1000111111 (base 2) in base 3?
-210022
Convert a28 (base 16) to base 8.
5050
-2302103 (base 4) to base 10
-11411
What is 2317 (base 11) in base 13?
1501
-582 (base 13) to base 12
-673
110011100110 (base 2) to base 11
2532
15925 (base 10) to base 6
201421
Convert 188a (base 15) to base 16.
14b9
What is -100b0 (base 13) in base 15?
-8789
-88 (base 10) to base 14
-64
What is -16b (base 12) in base 4?
-3203
What is -1b4e (base 16) in base 6?
-52210
Convert -2301 (base 5) to base 9.
-402
1154 (base 10) to base 14
5c6
Convert -b76b (base 16) to base 5.
-3000310
Convert 23003 (base 5) to base 16.
65c
-35320 (base 8) to base 10
-15056
-5035 (base 8) to base 15
-b79
42511 (base 6) to base 2
1011010101011
What is -185 (base 15) in base 9?
-428
Convert 7a76 (base 15) to base 14.
9682
What is -203 (base 14) in base 11?
-32a
Convert -6510 (base 8) to base 12.
-1b74
What is -210001111 (base 3) in base 4?
-3233311
20 (base 13) to base 3
222
Convert 11110101 (base 2) to base 5.
1440
What is 12302 (base 4) in base 14?
230
What is -1a6 (base 14) in base 6?
-1330
What is 2132111 (base 4) in base 13?
47c6
Convert 4727 (base 9) to base 8.
6664
What is 22516 (base 8) in base 4?
2111032
-30033 (base 6) to base 3
-12100210
618 (base 12) to base 14
472
Convert -e6a (base 16) to base 3.
-12001200
b5 (base 13) to base 6
404
What is 4231 (base 8) in base 7?
6263
What is -104402 (base 5) in base 14?
-1503
Convert ca (base 16) to base 13.
127
-4670 (base 9) to base 16
-d89
-896 (base 16) to base 14
-b30
2201021011 (base 3) to base 8
150242
What is -714 (base 8) in base 13?
-295
Convert -139 (base 16) to base 6.
-1241
Convert -8804 (base 10) to base 12.
-5118
Convert 2920 (base 10) to base 16.
b68
What is -111404 (base 5) in base 12?
-2377
What is -110231 (base 5) in base 6?
-25400
What is -11b7 (base 12) in base 14?
-a39
783 (base 10) to base 2
1100001111
Convert 86 (base 9) to base 14.
58
Convert 6046 (base 11) to base 3.
102000122
Convert -3c8 (base 14) to base 6.
-3312
Convert -5365 (base 8) to base 11.
-2120
-6023 (base 9) to base 13
-2001
-24e (base 15) to base 7
-1346
Convert -1132 (base 7) to base 11.
-348
-4400 (base 8) to base 12
-1400
-45e (base 16) to base 6
-5102
Convert 197 (base 11) to base 6.
1015
Convert 60 (base 7) to base 12.
36
Convert 51 (base 12) to base 14.
45
What is -13031 (base 5) in base 2?
-1111111000
Convert 2031 (base 5) to base 12.
1a2
Convert -2974 (base 16) to base 7.
-42640
Convert -22102001 (base 4) to base 9.
-63682
71 (base 12) to base 5
320
-28967 (base 10) to base 3
-1110201212
362 (base 14) to base 13
3cb
Convert -173 (base 9) to base 5.
-1042
Convert -324 (base 12) to base 13.
-295
-23643 (base 11) to base 13
-12661
What is 3c3 (base 13) in base 12?
476
What is 138 (base 11) in base 16?
a2
What is 10111011 (base 3) in base 5?
40132
What is 121202121 (base 3) in base 13?
5740
Convert -fe (base 16) to base 5.
-2004
42113 (base 7) to base 12
5ba5
fe (base 16) to base 12
192
Convert 19516 (base 11) to base 13.
c527
Convert -b61 (base 14) to base 10.
-2241
What is 7c8 (base 13) in base 11?
1015
Convert -325552 (base 6) to base 3.
-1101022212
Convert 101351 (base 6) to base 4.
1333003
3000 (base 5) to base 9
456
783 (base 11) to base 15
428
16303 (base 7) to base 9
6281
What is -232110 (base 5) in base 11?
-6351
-21211 (base 4) to base 7
-1534
Convert 20111323 (base 4) to base 5.
2043141
What is -10000100 (base 2) in base 5?
-1012
Convert -395 (base 11) to base 6.
-2055
Convert 75340 (base 8) to base 4.
13223200
-31111 (base 6) to base 8
-10063
What is -2013013 (base 5) in base 11?
-22266
What is -36535 (base 7) in base 16?
-253c
Convert -607 (base 9) to base 13.
-2bc
131 (base 11) to base 7